ainder when z is divided by i.
16
Suppose 368 = 9*w - 73. What is the remainder when w is divided by 16?
1
Let j(u) = u**2 - 7*u + 12. Suppose 0 = 3*m - 4*m + 10. What is the remainder when m is divided by j(6)?
4
Suppose -2*b + b - 1 = 0, -3 = 4*x + 3*b. Suppose x = 4*w - 8 - 4. Suppose 81 = w*j - 75. What is the remainder when j is divided by 18?
16
Let o = 20 + -162. Let k = o + 146. Suppose 5*x - 15 = -0*x. Calculate the remainder when k is divided by x.
1
Let r(i) = -i**2 - 15*i + 41. Calculate the remainder when 280 is divided by r(-7).
86
Suppose 0 = -432*o + 426*o + 96. Calculate the remainder when 25 is divided by o.
9
What is the remainder when 3 + 0/2 + (31 - -18) is divided by 255/9 - 2/(-3)?
23
Let q = -1 - -5. Suppose -808 = -5*z + 4*m - m, -q = 4*m. What is the remainder when z is divided by 54?
53
Let d(f) = 2*f**3 + 3*f**2 - 2. Let l = 8 - 10. Let t be d(l). Let a = 4 - t. Calculate the remainder when a is divided by 3.
1
Suppose -14*s - 651 = -45*s. Calculate the remainder when 227 is divided by s.
17
Let n = -47 + 205. What is the remainder when n is divided by 45?
23
Let u(f) = -2*f**2 - 21*f - 5. Let h be u(-10). Suppose -p - 8*x + h = -3*x, 2*x - 2 = p. Let s = p + 27. What is the remainder when s is divided by 10?
7
Let s(b) = -176*b - 12. Calculate the remainder when s(-1) is divided by 33.
32
Let v = 245 + -131. Calculate the remainder when 380/v*68/10*3 is divided by 14.
12
Suppose -25*h + 245 = -430. What is the remainder when 350 is divided by h?
26
Let j = 15 - -28. Let b = -32 + j. What is the remainder when 32 is divided by b?
10
Suppose 0 = d + 4*g - 161, 3*d - 7*g + 11*g - 451 = 0. Calculate the remainder when d is divided by 49.
47
Let d = 491 + -471. Calculate the remainder when d is divided by 2.
0
Let u(k) = -3*k + 82. Calculate the remainder when 135 is divided by u(12).
43
Suppose -12*g = -364 + 148. Calculate the remainder when 520 is divided by g.
16
Let u = -18 - -29. Let p(n) be the second derivative of n**4/6 - 7*n**3/3 - 13*n**2/2 + 7*n. Calculate the remainder when p(u) is divided by 26.
23
Let b(m) = m**3 + 18*m**2 - 48*m - 113. What is the remainder when b(-20) is divided by 26?
21
Let k = -29 + 41. Let b(d) = 85*d + 768. What is the remainder when k is divided by b(-9)?
0
Suppose 0 = -4*j + 3 - 11, j = 4*d - 18. Calculate the remainder when 12 is divided by d.
0
Let t = 504 + -256. What is the remainder when t is divided by 23?
18
Suppose 7 + 0 = u - 5*l, 51 = 4*u + 3*l. Let q be 12 + (-4)/u*3. Let i(g) = -g**3 + 10*g**2 + 13*g - 2. Calculate the remainder when 77 is divided by i(q).
17
Let c(y) = 4*y - 15. Let q(l) be the third derivative of -l**6/120 - l**5/15 - l**4/4 - l**3 + l**2. Calculate the remainder when c(8) is divided by q(-3).
2
Let k = 1649 - 1640. Let m(o) = 4*o - 1 + 5*o + o**2 - 4*o. Calculate the remainder when k is divided by m(-6).
4
Calculate the remainder when 634 is divided by 1 + -7 - (9 - 73).
54
Let q = 10 - 8. Let d = 378 + -349. What is the remainder when d is divided by 3 - (q + -7 + 2)?
5
Calculate the remainder when 74 is divided by (1 + (-4)/4)/1 - -15.
14
Suppose 5*z - 11 = 39. Let m(k) = -2*k**3 + 0*k**3 - 11*k**2 + 11*k + 3*k**3 + 0 - 5. Calculate the remainder when 22 is divided by m(z).
2
Let p(y) = -y**2 + 12*y - 2. Calculate the remainder when 40 is divided by p(11).
4
Let o = -77 + -32. Let m = 34 - o. What is the remainder when m is divided by 29?
27
Suppose 36 + 180 = 4*j. Calculate the remainder when j is divided by 16.
6
Suppose 5*g - 2*s = g + 426, -5*g - 2*s + 546 = 0. What is the remainder when 115 is divided by g?
7
Let s be (-2)/((-4)/(-2) - 4). Suppose -5*y = -16 + s. What is the remainder when 13 is divided by y?
1
Suppose 0*c + 28*c - 1400 = 0. Calculate the remainder when 547 is divided by c.
47
Let j = 7 + -14. Let q = 14 + j. Let a = 8 + -6. Calculate the remainder when q is divided by a.
1
Let o(m) = 1 - 4*m**2 + 4*m + 3*m + 10*m**2 + 0. Let c be o(-4). Suppose -13*t + c = -12*t. Calculate the remainder when t is divided by 24.
21
Let f(m) = -3 - 1 + 4 - 18*m - 1. Let x be f(-3). Suppose -r + 7 = b, 4*b + 0*b = r + x. What is the remainder when 33 is divided by b?
9
Suppose -s + 105 = 4*g, -4*g + 5*s - s + 100 = 0. Calculate the remainder when g is divided by 10.
6
Suppose 60*l - 216 = 33*l. What is the remainder when 4/6 - (-266)/6 is divided by l?
5
Let u = -69 - -42. Let k = 49 + u. What is the remainder when k is divided by 7?
1
Let v be 42/(-5)*30/1. Let o(j) = 2*j**2 - 11*j - 1. Calculate the remainder when o(9) is divided by ((-1)/2)/(6/v).
20
Let t(q) = q. Let g(w) = -4*w + 3. Let j(v) = -g(v) - 5*t(v). Let k be j(-3). What is the remainder when 16 is divided by (k - 36)/4*-1?
7
Let w be (-8)/(-44) - 4/22. Suppose -3*f + 115 - 7 = w. What is the remainder when 107 is divided by f?
35
Let m = 43 - 60. Let k = m + 48. Calculate the remainder when k is divided by 11.
9
Let s(f) = -2*f + 3. What is the remainder when 50 is divided by s(-8)?
12
Let u(q) = 2*q**3 + q**2 - q + 49. Let w be u(0). Suppose -4*b - 1 = -w. Calculate the remainder when 58 is divided by b.
10
Let v = 816 + 862. Calculate the remainder when v is divided by 84.
82
Let j(w) be the second derivative of -w**3 - 8*w**2 + 6*w. What is the remainder when 37 is divided by j(-6)?
17
Let t be (-51)/(-9) + 1/3. Suppose 0 = l + 2*p - 14, -2*p + t*p - 34 = -3*l. What is the remainder when 9 is divided by (2/l)/(1/18)?
3
Suppose 0 = 67*u - 70*u + 9, -3*i - 2*u + 510 = 0. Suppose -y - 43 = -2*y. Calculate the remainder when i is divided by y.
39
Let s(w) be the third derivative of -w**6/120 + 7*w**5/60 - 3*w**3 + 4*w**2. What is the remainder when 35 is divided by s(6)?
17
Calculate the remainder when 54 is divided by 2/(-3) - (-5000)/120.
13
Let u(f) = -f**2 + 14*f - 10. Suppose 61 - 29 = 4*n. What is the remainder when 150 is divided by u(n)?
36
Suppose 0*s = -3*s - 18. Let q = 10 + s. Calculate the remainder when (q/(-5))/((-8)/60) is divided by 3.
0
Let o(f) = -f**2 + 9*f + 1. Let q be o(8). Suppose q = 4*w + 49. Let k(y) = -5*y - 3. What is the remainder when k(w) is divided by 16?
15
Suppose 0 = -21*u + 22*u - 22. Let f(c) = c**3 - 6*c**2 - 3*c + 4. Let x be f(6). Let m = x + u. What is the remainder when 14 is divided by m?
6
Let f(l) = -l**2 + 20*l - 58. Calculate the remainder when 781 is divided by f(5).
16
Suppose 19*v = 13*v + 324. Calculate the remainder when v is divided by 32.
22
Let t = 12 - 7. Let s = t + 0. Suppose 0 = s*z - 6*z + 50. Calculate the remainder when z is divided by 17.
16
Calculate the remainder when -76*3/(-24)*26 is divided by 62.
61
Suppose 0*a + 31 = i - a, 3*i + 3*a = 93. Let l = i - 15. Calculate the remainder when 78 is divided by l.
14
Calculate the remainder when (-10*2010/(-25))/(4 - 2) is divided by 68.
62
Let u(o) = 13*o - 211. Calculate the remainder when 132 is divided by u(20).
34
Let c(r) = 23*r - 166. Calculate the remainder when 604 is divided by c(11).
82
Let b(d) = -2 - 5*d - 5 + 0*d**3 - 5*d**2 + 2*d + d**3. What is the remainder when -64*(-2)/4 - 0 is divided by b(6)?
10
Let t = -72 + 73. What is the remainder when 93 is divided by (8/t)/((-1)/(-2))?
13
Calculate the remainder when 58 is divided by ((-54)/(-162))/(1/57).
1
Calculate the remainder when (-2 - 3 - (-306)/1) + -4 is divided by 113.
71
Let f be (-6)/(-2)*(-2)/(-6). Let w(n) = 8*n - 41. Let j be w(6). Let c = j + f. Calculate the remainder when 12 is divided by c.
4
Suppose 5*o + x - 142 = 0, -4*x = 2*o + 18 - 82. Calculate the remainder when 755 is divided by o.
27
Suppose -5*j + 2695 = -2*s, -3*j - s + 1643 = 3*s. What is the remainder when j is divided by 68?
65
Let q be (1 - -1)*(-15)/(-10). Suppose -d = -q*d + 10. Suppose 13 = d*a - c, -a = -2*c - c - 11. Calculate the remainder when a is divided by 2.
0
Let b(a) = a**2 - 3*a + 9. Let r be b(3). Calculate the remainder when (r*(-4)/6)/((-6)/4) is divided by 3.
1
Let p = 575 + -564. Calculate the remainder when ((-130)/(-6))/((-3)/(-9)) is divided by p.
10
Let g(o) = -9*o + 21. Let c be g(-12). What is the remainder when 4/(-8)*-3 + c/2 is divided by 35?
31
Suppose 86*u = 81*u + 220. What is the remainder when u is divided by 17?
10
Let n = 10 - 0. Suppose -n*o = 3*o - 520. What is the remainder when o is 